. What is the remainder when b(m) is divided by 14?
12
Let q be 15*(0 - (-16)/(-20)). What is the remainder when 119 is divided by (q/(-15))/(2/75)?
29
What is the remainder when 47 is divided by (-121)/(-5) - 15/75?
23
Let p(q) = -3*q**3 + 2*q**2 + 3*q + 1. Calculate the remainder when 3 is divided by p(-1).
0
Suppose -41 = -2*q + q + w, -4*q = w - 154. Calculate the remainder when q is divided by 10.
9
Suppose -3*j - 4*j = -147. Calculate the remainder when 60 is divided by j.
18
Let l(o) = -o**2 + 5*o - 4. Let z be l(6). What is the remainder when (-2)/z + (-856)/(-20) is divided by 15?
13
Suppose -13*b = -8*b - 310. Suppose -5*d + b = -3*d. What is the remainder when 91 is divided by d?
29
Calculate the remainder when (-8)/(-6) + 1232/21 is divided by 21.
18
Suppose 0 = -5*w - 5*l + 30, l + 2 = 2*w - 1. What is the remainder when 11 is divided by w?
2
Suppose 2*q - q - 15 = 0. What is the remainder when 103 is divided by q?
13
Let h(k) = k**3 - 9*k**2 + 14*k + 5. Calculate the remainder when 34 is divided by h(7).
4
Let m = 2 - 6. Let h be -4 - m - -1*3. Suppose 36 = h*q - 12. Calculate the remainder when 47 is divided by q.
15
Let r(w) = 42*w**2 + w. Suppose -3*i = 2*m - 18, 0 = 5*i + 3*m - 4*m - 30. Suppose -33 = -i*b + 3*b. What is the remainder when r(1) is divided by b?
10
Suppose -3*t = -6*t + 18. Suppose -4 = -2*d + 6. Suppose -4*n + d*k = -55, -n - 3*n - 3*k + 31 = 0. What is the remainder when n is divided by t?
4
Let k(n) = 7*n**2 - 2*n - 3. Let a(x) = -x**2. Let w(d) = 6*a(d) + k(d). Calculate the remainder when 13 is divided by w(-2).
3
Suppose 0 = 5*c - 41 - 14. Let h = -5 + c. Calculate the remainder when h is divided by (-2 + 4 + -8)/(30/(-20)).
2
Calculate the remainder when 66 is divided by 31 - 17 - (2 + 0).
6
Let g = 26 - 8. Suppose 0 = -o - 4*o + 175. What is the remainder when o is divided by g?
17
Suppose -748 = -4*z - 240. What is the remainder when z is divided by 26?
23
Suppose -m + 25 = 5*s + 4*m, -8 = -2*s - m. Suppose w = -s*v + 29, w = 5*v - 27 - 8. Calculate the remainder when 31 is divided by v.
7
Suppose 3*z = 8*z - 20. Calculate the remainder when 14 is divided by z.
2
Suppose q = -2*k + 12 + 67, 5*k + 5*q = 205. What is the remainder when k is divided by 14?
10
Let f(p) be the third derivative of p**4/24 - p**3/6 + 2*p**2. What is the remainder when 26 is divided by f(8)?
5
What is the remainder when 23 is divided by (0 + 2)*52/8?
10
Let z(c) = c**3 - 7*c**2 + 4*c + 6. Calculate the remainder when z(7) is divided by 18.
16
Let h = 115 - -21. What is the remainder when h is divided by 46?
44
Suppose 3*l = -2*l - 3*d + 37, -4*l + 28 = 4*d. Let j be -1 + (-3)/(-3) + -3. Let k = j + l. What is the remainder when k is divided by 2?
1
Suppose -3*z + z = 4*i - 16, 0 = -3*i + 3*z + 21. Suppose 5*n = -0*a + 3*a - 27, -27 = -3*a + n. Let f = a - i. What is the remainder when 11 is divided by f?
3
Let u be 1/(-2)*2*-10. Suppose 2*w - u = -2*m, -2*w = -6*m + m + 18. Suppose 26 = 2*l - m*k, 4*l + 3 = -k + 28. What is the remainder when 12 is divided by l?
5
Let z(p) = -2*p**3 - 6*p**2 - p + 2. Calculate the remainder when z(-4) is divided by -2 - (1 + 1 + -17 - -3).
8
Let p = 43 - 19. Calculate the remainder when 46 is divided by p.
22
Calculate the remainder when 117 is divided by 392/13 - (-16)/(-104).
27
Let j = 1 - -3. Let o(s) = -5*s**2 + 3*s - 2. Let t(z) = -11*z**2 + 7*z - 5. Let c(y) = -9*o(y) + 4*t(y). Calculate the remainder when 53 is divided by c(j).
17
Let x = -116 - -212. Calculate the remainder when x is divided by 20.
16
Suppose 0 = -6*b + 2*b + 4*r + 4, -9 = -3*b + r. Calculate the remainder when b is divided by 3.
1
Let m(c) = -2*c - 11. Let p be m(-8). Let k = 7 - p. What is the remainder when 36 is divided by k/((8/(-19))/(-4))?
17
Suppose 0 = -3*d - 11*s + 8*s + 24, -2*d - 4*s + 6 = 0. Calculate the remainder when 16 is divided by d.
3
Suppose 34 = -y + 3*y. Let v(k) = 4*k + 2 + 0 + k**2 - 5. What is the remainder when y is divided by v(2)?
8
Let a be (-5)/10 - 55/(-2). Let f be a/5 - 2/5. Let j(s) = -s + 10. Calculate the remainder when j(f) is divided by 3.
2
Let n = -8 - -18. Let x = 12 + -17. Let i(u) = -u**2 - 5*u + 4. Calculate the remainder when n is divided by i(x).
2
Suppose -276 = -4*w - 68. Suppose 5*m - 3*m = w. Let b = m + -14. What is the remainder when 34 is divided by b?
10
Let k(w) = -7*w**2 + 2 + 0 + 5 + w**3. What is the remainder when 27 is divided by k(7)?
6
Let y(i) = i**3 + 5*i**2 + 2*i - 3. Let n be y(-4). Suppose 5*x = 4*x + n. Calculate the remainder when x is divided by 2.
1
Suppose -4*d = d. Suppose -4*z + 28 = -4*o, 2*z - 3*o - o - 20 = d. What is the remainder when 10 is divided by z?
2
Let w(n) = 2*n**2 + 12*n - 10. Let r(u) = 4*u**2 + 23*u - 19. Let d(m) = 6*r(m) - 11*w(m). What is the remainder when d(-5) is divided by (-45)/6*12/(-10)?
7
Let l be 2 - ((-72)/3 - -2). Suppose 5*t + l = -31. Let s = t + 21. Calculate the remainder when 29 is divided by s.
9
Let r(l) = l**2 + 10*l - 1. Calculate the remainder when r(-11) is divided by 3.
1
Calculate the remainder when 41 is divided by 21/105 + (-148)/(-10).
11
Let t = -277 - -399. Calculate the remainder when t is divided by 31.
29
Let n = -50 + 65. What is the remainder when 59 is divided by n?
14
Suppose 0 = -o - z - 2, 3*o - 6 = 2*o + z. Calculate the remainder when o is divided by 2.
0
Suppose -3*d - 5*f + 31 = 0, 2*d + d - 2*f = -4. Suppose -5*q - 111 = -u - 9, -d*q = -u + 93. What is the remainder when u is divided by 22?
21
Calculate the remainder when 53 is divided by 5/40 + 669/24.
25
Calculate the remainder when 11/((-55)/(-280)) - 0 is divided by 15.
11
Let q(k) = 7*k - 5. Let f(y) = -13*y + 9. Let m(c) = -6*f(c) - 11*q(c). Calculate the remainder when 35 is divided by m(8).
8
Suppose 72 = 3*v - 75. Calculate the remainder when v is divided by 17.
15
Let z be (-1 - 3)*(-198)/24. Let p = -18 + z. What is the remainder when p is divided by 6?
3
Suppose 3*q - 3 = 3. Suppose i - q*i = -l, 15 = i + 4*l. Calculate the remainder when 8 is divided by i.
2
Let k(j) = -j**2 - 10*j + 4. Let h be k(-11). Let o = h - -15. Calculate the remainder when 23 is divided by o.
7
Let b be (194/(-5))/((-2)/10). Suppose 0 = 5*y - b - 81. What is the remainder when y is divided by 19?
17
Let d = -3 - -22. Calculate the remainder when 35 is divided by d.
16
Suppose -2*p = -33 - 1. Suppose 5*b = -4*a + p, -3*a + 5*b = -0*a - 39. Calculate the remainder when (-2)/4 + (-93)/(-6) is divided by a.
7
Suppose 5*x - 12*x + 84 = 0. Let v(f) = -f**2 - 6*f. Let u = -2 + -3. Calculate the remainder when x is divided by v(u).
2
Let l(p) = -p**3 - p**2 + 3. Suppose -m - j + 10 = 0, j + 17 = 2*m - 6. What is the remainder when l(-3) is divided by m?
10
Calculate the remainder when -7*(22 + 4)*2/(-4) is divided by 31.
29
Let h be 9/(28/8 - 3). Suppose 0 = -5*r - 3*o + 83, 0*r - 2*o + h = r. Calculate the remainder when 62 is divided by r.
14
Suppose -3*z - r + 65 = -12, -10 = -2*r. Suppose -4*n = -n - z. Calculate the remainder when n is divided by 5.
3
Calculate the remainder when (-449)/(-11) + (-30)/(-165) is divided by 11.
8
Let a(k) = 4*k - 4. Suppose -2*t = -0*t - 14. What is the remainder when a(t) is divided by 13?
11
Let t = 5 - 17. Calculate the remainder when (-6)/4*176/t is divided by -1*1*-10 - 2.
6
Suppose -q = -4*q + 39. Suppose -3*h + 17 = 4*u, -25 = -u - 3*u + 5*h. Suppose u*c - 1 = 4*m - 11, 10 = 5*c. What is the remainder when q is divided by m?
3
Let l(k) = -k**2 - 5*k - 3. Suppose 0 = 5*n, 0 = 2*d + 2*d + n + 16. Let p be l(d). Let q = 2 + p. What is the remainder when 8 is divided by q?
2
Suppose -2*v = -3*z + 89, 4*v + 8 = -8. Suppose -5*w = -4*n + 107, -z - 85 = -4*n + 4*w. What is the remainder when n is divided by 9?
6
Suppose 5*t - 140 = 2*h, -5*h = -4*t - t + 155. Let l(q) = -q + 4. Calculate the remainder when t is divided by l(-5).
8
Let f(m) = -m**2 + 8*m - 10. Let y be f(6). Let v(w) = -w - 3. Let a be v(6). What is the remainder when 18 is divided by (12/a)/y*-15?
8
Suppose 0 = i + 4*s - 37, -6*i - 2*s - 31 = -7*i. Suppose -43 = -2*w - 5*o + 2*o, 0 = -3*w + 4*o + 39. What is the remainder when i is divided by w?
16
Let s(w) = w + 26. What is the remainder when s(-6) is divided by 11?
9
Suppose n = -2*n + 30. Le